 b?
2
Let q be 2268/9 + -7 + 1. Suppose 2*x = -2*f + q, -2*f - 6*x = -5*x - 245. What is the units digit of f?
2
Let l = -2257 - -9814. What is the units digit of l?
7
What is the tens digit of (-456)/(-1064) - (-65174)/7?
1
Suppose 16*n = -2*n + 64746. What is the tens digit of n?
9
Let p be 0 + (0 - 0 - -65). Let t be 432/(-162)*(-99)/(-12). Let m = t + p. What is the units digit of m?
3
Let w be (-6)/(-2) - 0/(12/3). Suppose -5 = -k - w. Suppose z + 4*d = k*d + 54, -z = -4*d - 66. What is the units digit of z?
8
Suppose -13173 = 8*x - 941. Let a = x + 2963. What is the thousands digit of a?
1
Let i(x) = 11 + 17*x - 3*x**3 + x**3 + 21*x**2 + 0*x**3 + 0*x - 7*x**2. What is the units digit of i(-6)?
5
Suppose 2 = 2*u - 7*u - 4*o, -5*o = -u + 17. Let i(r) = r**3 - 8*r**2 + 10*r - 16. Let c be i(7). What is the units digit of u - 1 - (-21 - c)?
7
Suppose -v = 5*i - 29, i - 2*i - 3*v = -17. Suppose -2 - 13 = -i*a. Suppose a*r - 138 = 72. What is the tens digit of r?
7
Let t be (-2 - (-1 - -1)) + 190 + 11. Let i = 11 + -7. Suppose -i*m + 117 = -t. What is the units digit of m?
9
Suppose 688 = 12*l - 164. Let v = -67 + l. Suppose 0 = v*y - 535 + 35. What is the units digit of y?
5
Suppose -57*g = 253701 - 845361. What is the ten thousands digit of g?
1
Let p be 16/28 + 4/(-7). Suppose p = 5*o + 2*m - 2044, 3*o - 6*m = -2*m + 1216. What is the hundreds digit of o?
4
Suppose -3*y + 43 + 5 = 0. Let h = 13 - y. What is the tens digit of (-110)/(-2) + h + 1?
5
Suppose 30*h = 34*h - 5*l - 30789, -3*h = -l - 23089. What is the thousands digit of h?
7
Suppose 666 = 6*c + 642. Suppose -2*o - 3*q + 578 = 0, c*q + 251 = o - 27. What is the hundreds digit of o?
2
What is the tens digit of 3 + 37174 - (60/(-6) + 6 - 5)?
8
Let b be -9*(-4)/30 + 114/(-95). Suppose 0*a - 3*s = -4*a + 513, 3*a - 4*s - 390 = b. What is the units digit of a?
6
Suppose 0 = -5*i + 4*t + 4257, -9*t = 2*i - 6*t - 1689. Let z = i - 392. What is the tens digit of z?
5
Suppose -4*g = 4*m - 24, -4*g = 2*m - 22 + 2. Suppose -i + 9 = -g*i, 738 = 3*o - 4*i. What is the units digit of o?
2
Suppose p - j + 11412 = 5*p, -4*j = 4*p - 11400. Suppose -19*a = p - 13969. What is the hundreds digit of a?
5
Suppose -9831 - 115529 = -16*l. What is the units digit of l?
5
Suppose -105*b + 20385 = -96*b. Suppose -3*s + b = -1212. What is the thousands digit of s?
1
Let u(m) = m**3 - m**2 + 2*m + 11. Let o be 16/8 - 1 - -7. What is the units digit of u(o)?
5
Let r(f) = f**3 + f**2 - f - 3. Let l be r(0). Let b = -179 - -178. What is the units digit of l/6*38*b?
9
Let g(p) = -13625*p + 19*p**2 - 2 + 13625*p - 14*p**2 - 1. Let d(h) = -h**3 + 3*h**2 + 2*h - 3. Let y be d(3). What is the tens digit of g(y)?
4
Suppose -8*s - 20 = 2*s. What is the tens digit of s/6 - 7059/(-117)?
6
Suppose -31*w - 3304 = -39*w. Let z = w + 290. What is the tens digit of z?
0
Let f(h) = 7*h - 24. Suppose -4*d - 28 = -11*d. Let t be f(d). What is the units digit of ((-124)/(-5))/(t/10)?
2
Let p(k) = -8802*k - 6017. What is the tens digit of p(-5)?
9
Let v(w) = 18*w**3 + w**2 - 9 - 5*w + 13*w**3 - 32*w**3. Let r be v(-7). Suppose -n = -4*a + r, a - 110 = n + 2*n. What is the units digit of a?
4
Let n(l) = 69*l + 1867. Let w be n(-27). Let y be (2/(-4))/(1/(-154)). Suppose 0 = -x, -b = w*x - y + 6. What is the units digit of b?
1
Suppose -3*v + 4*m = 189, 2*m + 227 = -4*v - m. Let x = 63 + v. Suppose -x*s - 2*j + 1100 = 0, 4*s = -5*j + 656 + 450. What is the units digit of s?
4
Let q(k) = 47*k + 52. Let u(x) = 15*x + 19. Let b(y) = 3*q(y) - 8*u(y). Suppose -2*a + 7 = 1. What is the tens digit of b(a)?
6
Suppose -17*w + 1059 = -199. Let z = w + 217. Let d = z - 152. What is the tens digit of d?
3
Let d(m) = m**3 - 9*m**2 + 16*m - 2. Let i be d(7). Let g be 2852/i + 4/(-6). Suppose 3*h + g = 849. What is the tens digit of h?
0
Suppose 3072 = 4*n - 4*t, -7 = 4*t - 15. Let b = n + 34. What is the units digit of b?
4
Suppose 3*x - 15 = -2*x. Suppose x*t = 9 + 3. Suppose 220 = t*g - v, 0 = 5*v - 0*v. What is the units digit of g?
5
Suppose -8*y + 4*j = -236448, 12*j + 118230 = 4*y + 11*j. What is the thousands digit of y?
9
Suppose -9*w - 191 = -4*w - 3*n, 3*w + 3*n = -129. Let u = 264 + w. What is the units digit of u?
4
Let a(x) = x**2 + 32*x + 19. Let t be a(-21). What is the tens digit of (15 + 1)*t/(-16)?
1
Suppose -101*x + 528470 + 201036 = -140205. What is the tens digit of x?
1
Let s(k) = k**3 + 5*k**2 + k - 11. Let n be s(-3). Suppose -n*d + 915 = -3*d. What is the tens digit of d?
1
Let x(u) = 30 - 20 - 21*u**2 + 11*u + u**3 - u**2. Let s be x(22). Let q = -94 + s. What is the units digit of q?
8
Suppose 522 = -3*a - 0*a - 2*u, -4*u = 2*a + 348. Let s = 433 + a. What is the hundreds digit of s?
2
Let p(t) = t - 42. Let i be p(18). Suppose 0 = -3*y - 3*u - 24, 2 = y - 2*u - 2*u. What is the units digit of (-74)/y + 8/i?
2
Let n = 5358 + -2074. What is the tens digit of n?
8
Suppose 87950 = -9*x + 226721. Suppose -1662 = -31*t + x. What is the units digit of t?
1
Let h = -29284 + 44528. What is the ten thousands digit of h?
1
What is the units digit of ((-415)/(-1660))/((-1)/(-27420))?
5
Let z = -8408 - -39891. What is the units digit of z?
3
Let s(w) be the second derivative of -w**4/6 - 23*w**3/3 + 39*w**2 - 244*w. What is the hundreds digit of s(-22)?
1
Let r be ((-2202)/4)/((-2)/4). Let u(c) = -c**3 + 16*c**2 - 43*c + 19. Let m be u(10). Suppose -m - r = -6*g. What is the units digit of g?
5
Let i(k) = -3*k + 15. Let z be i(4). Suppose -z*u + 75 = -12. Suppose -23*a - 378 = -u*a. What is the tens digit of a?
6
Suppose 4*u - 2771 = 2*g - g, -2*u + 1383 = -3*g. Let i = -285 + u. What is the units digit of i?
8
Suppose -6 = -3*r + r. Let c be (-1 + 3)/((-2)/r) - -326. Let t = c - 205. What is the tens digit of t?
1
Let s(y) = 93*y**2 - 42*y + 339. What is the units digit of s(13)?
0
Let z(y) = 1054*y + 103. What is the hundreds digit of z(7)?
4
Let f = -587 + 243. Let k = f + 590. What is the units digit of k?
6
Suppose 2*f = -b - 1 - 0, 3*b = -f + 7. What is the units digit of ((-149)/b - 2)*84/(-7)?
0
Let m(x) = 218*x + 878. What is the tens digit of m(3)?
3
Let m(r) = 8*r**2 - 17*r - 53. Let z(i) = i**3 + 15*i**2 + 13*i - 21. Let s be z(-14). What is the tens digit of m(s)?
5
Suppose -5*x = -2*k - 3*k - 25, -4*x + 14 = -k. Suppose 2*j - 681 = -x*s, 6*s - 7*s - 4*j + 227 = 0. What is the tens digit of s?
2
Let d(l) = 2*l**3 - 8*l**2 - l + 5. Let r be d(4). What is the tens digit of (r - -493) + (45 - 39)?
0
Let v(h) = -h**2 - h + 2. Let a(g) = -g**2 + 8*g + 5. Let c be a(9). Let p be v(c). What is the units digit of (p + 8)/(2/(-28))?
8
Let k(z) = 11313*z**2 + 129*z + 127. What is the tens digit of k(-1)?
1
Let b = 41098 - 13904. What is the units digit of b?
4
Suppose -4*j = -t + 19, -5*t + 7*j - 2*j = -35. Suppose -4*f = -5*f + t. Suppose -3*y + 690 = -2*l + 3*l, 3*l = f*y - 678. What is the units digit of y?
9
Let n(t) = t**3 + 11*t**2 + 6*t - 40. Let d be n(-10). Suppose d = -z - 2*g + 22, -5*z + 0*z + 2*g + 98 = 0. What is the units digit of z?
0
Suppose -3*u = 6*q - 47568, 15159 = -5*q - u + 54793. What is the thousands digit of q?
7
Suppose 0 = -5*v + 32*v - 8*v - 429419. What is the units digit of v?
1
Let s = -315 - 103. Let t = s - -651. Let b = 328 - t. What is the units digit of b?
5
Suppose -9*w + 34530 = 1644. What is the hundreds digit of w?
6
What is the hundreds digit of (1 + 3901)/(10 + (-576)/60)?
7
Let w(c) = c**3 + 7*c**2 + 4*c - 27. Let p be w(-5). What is the units digit of (-26)/(-117) + p + 8863/9?
8
Let l(o) = -o**3 + 16*o**2 + 11*o - 16. Let p be 4 - (-5 + 4)*1. Suppose p*k + 1 = 81. What is the tens digit of l(k)?
6
Let v(w) = w**3 - 39*w**2 + 285*w - 49. What is the tens digit of v(40)?
5
Let g = -1 - -18. Suppose 2*i + r - 15 = 0, 5*r = 5*i + 8 - 38. Let y = g + i. What is the units digit of y?
4
Suppose 12 = 15*d - 16*d. Let s(r) = -r**2 - 13*r - 20. Let h be s(d). Let l(q) = -q**3 - 7*q**2 + q - 2. What is the tens digit of l(h)?
5
Suppose 0 = -10*i - 187 - 183. Let s = 51 - i. Suppose -5*r - 4*j = -234, 2*j - 6*j - s = -2*r. What is the units digit of r?
6
Suppose -6*o + 395058 - 240324 = 0. What is the hundreds digit of o?
7
Suppose 528 = -11*f + 7*f. Let q = -88 - f. Suppose 13*p - 2085 = -